{"id":7,"date":"2014-07-04T10:34:26","date_gmt":"2014-07-04T07:34:26","guid":{"rendered":"http:\/\/apubb.ro\/bistrita\/?page_id=7"},"modified":"2026-01-30T10:36:55","modified_gmt":"2026-01-30T07:36:55","slug":"despre-noi","status":"publish","type":"page","link":"https:\/\/apubb.ro\/bistrita\/","title":{"rendered":"Despre noi"},"content":{"rendered":"<p><strong>Extensia Bistri\u021ba a Departamentului de Administra\u021bie \u0219i Management Public (Facultatea de \u0218tiin\u021be Politice, Administrative \u0219i ale Comunic\u0103rii, Universitatea Babe\u0219-Bolyai &#8211; <a href=\"https:\/\/apubb.ro\/bistrita\/wp-content\/uploads\/2026\/01\/Acreditare_HG-766-din-23.08.2005-privind-acreditare-facultate.pdf\">Acreditare_HG 766 din 23.08.2005 privind acreditare facultate<\/a>) ofer\u0103 <a href=\"http:\/\/chestionar.uefiscdi.ro\/docs\/programe_de_studii.pdf\" target=\"_blank\" rel=\"noopener\">cel mai bun program de Administra\u021bie Public\u0103 din<\/a><a href=\"http:\/\/chestionar.uefiscdi.ro\/docs\/programe_de_studii.pdf\" target=\"_blank\" rel=\"noopener\"> Rom\u00e2nia<\/a> (Zi \u0219i ID).<\/strong><\/p>\n<p><span style=\"color: #333333;\"><strong style=\"font-weight: bold;\">Domenii de activitate dup\u0103 absolvire.<\/strong><br \/>\n\u00cen urma absolvirii, studen\u0163ii no\u015ftri ocup\u0103 pozi\u0163ii at\u00e2t \u00een administra\u0163ia central\u0103 \u015fi local\u0103, c\u00e2t \u015fi \u00een sectorul profit \u015fi non-profit din \u0163ar\u0103 \u015fi str\u0103in\u0103tate. Printre locurile predilecte de angajare se num\u0103r\u0103:<\/span><\/p>\n<ul style=\"color: #000000;\">\n<li><span style=\"color: #333333;\">Guvern (ministere, agen\u0163ii guvernamentale)<\/span><\/li>\n<li><span style=\"color: #333333;\">Pre\u015fedin\u0163ie (administra\u0163ia preziden\u0163ial\u0103)<\/span><\/li>\n<li><span style=\"color: #333333;\">Alte institu\u0163ii ale aparatului administrativ central<\/span><\/li>\n<li><span style=\"color: #333333;\">Prim\u0103rii, prefecturi, consilii jude\u0163ene, consilii locale<\/span><\/li>\n<li><span style=\"color: #333333;\">Institu\u0163ii ale Uniunii Europene (\u00een Bruxelles, Strasbourg sau Luxemburg)<\/span><\/li>\n<li><span style=\"color: #333333;\">Organiza\u0163ii Non-Guvernamentale na\u0163ionale sau interna\u0163ionale<\/span><\/li>\n<li><span style=\"color: #333333;\">Companii private (na\u0163ionale sau multina\u0163ionale)<\/span><\/li>\n<\/ul>\n","protected":false},"excerpt":{"rendered":"<p>Extensia Bistri\u021ba a Departamentului de Administra\u021bie \u0219i Management Public (Facultatea de \u0218tiin\u021be Politice, Administrative \u0219i ale Comunic\u0103rii, Universitatea Babe\u0219-Bolyai &#8211; Acreditare_HG 766 din 23.08.2005 privind acreditare facultate) ofer\u0103 cel mai bun program de Administra\u021bie Public\u0103 din Rom\u00e2nia (Zi \u0219i ID). Domenii de activitate dup\u0103 absolvire. \u00cen urma absolvirii, studen\u0163ii no\u015ftri ocup\u0103 pozi\u0163ii at\u00e2t \u00een administra\u0163ia [&hellip;]<\/p>\n","protected":false},"author":1,"featured_media":0,"parent":0,"menu_order":1,"comment_status":"closed","ping_status":"closed","template":"","meta":{"footnotes":""},"class_list":["post-7","page","type-page","status-publish","hentry"],"_links":{"self":[{"href":"https:\/\/apubb.ro\/bistrita\/wp-json\/wp\/v2\/pages\/7","targetHints":{"allow":["GET"]}}],"collection":[{"href":"https:\/\/apubb.ro\/bistrita\/wp-json\/wp\/v2\/pages"}],"about":[{"href":"https:\/\/apubb.ro\/bistrita\/wp-json\/wp\/v2\/types\/page"}],"author":[{"embeddable":true,"href":"https:\/\/apubb.ro\/bistrita\/wp-json\/wp\/v2\/users\/1"}],"replies":[{"embeddable":true,"href":"https:\/\/apubb.ro\/bistrita\/wp-json\/wp\/v2\/comments?post=7"}],"version-history":[{"count":6,"href":"https:\/\/apubb.ro\/bistrita\/wp-json\/wp\/v2\/pages\/7\/revisions"}],"predecessor-version":[{"id":2227,"href":"https:\/\/apubb.ro\/bistrita\/wp-json\/wp\/v2\/pages\/7\/revisions\/2227"}],"wp:attachment":[{"href":"https:\/\/apubb.ro\/bistrita\/wp-json\/wp\/v2\/media?parent=7"}],"curies":[{"name":"wp","href":"https:\/\/api.w.org\/{rel}","templated":true}]}}